 - 5*y = -39, 5*o + 0*y - 114 = 4*y. What are the prime factors of o?
2, 11
Let j = -43 - -20. Let h = -9 - j. What are the prime factors of h?
2, 7
Let s = -45 - -29. What are the prime factors of 54*(-2)/s*4?
3
Let k = 7 + -1. Let m = 3 + 1. Suppose 0 = -m*u + 4, i + 0*u = 3*u + k. List the prime factors of i.
3
Let i(h) = 2*h - 1. Let o be i(6). Let x = -15 + o. List the prime factors of 2 + x/((-12)/21).
3
What are the prime factors of (-1166)/(-10) + 12/30?
3, 13
Let c be 4/((-8)/(-70)) + 0. Suppose -4*d = 11 - c. What are the prime factors of d?
2, 3
Let u = 2 - 2. Suppose 2*y - 5*y - 2*r + 34 = 0, u = 4*y + r - 52. List the prime factors of y.
2, 7
Let k = 35 - 21. List the prime factors of 494/k - 4/14.
5, 7
Let u = -137 - -236. List the prime factors of u.
3, 11
Suppose -4*g + 43 = -g - 2*c, -24 = -4*g - 4*c. Suppose -3*q - 12 = -6*q, 0 = 3*w + 4*q + g. What are the prime factors of (-3)/3*2 - w?
7
Suppose 0 = 5*d + 5*t - 110, -5*t + 3*t = 0. Suppose -3*m + d = -5. List the prime factors of m.
3
Let t = 303 + 23. List the prime factors of t.
2, 163
Suppose -135 + 491 = 2*p. List the prime factors of p.
2, 89
Let t be (8/6)/(2/6). Suppose 0 = o - t*o + 21. List the prime factors of o.
7
Suppose -2*s = -2*k + 21 + 23, -4*s = 3*k - 45. Let n = -8 + k. List the prime factors of n.
11
Let y be (-4)/6 + 84/18. Suppose -35 = -2*d - s, -16 = 5*d - y*s - 84. What are the prime factors of d?
2
Suppose 0*g + 5*g - 20 = 0. Suppose -2*l = -g*l. Suppose 4*b + d - 10 = l, 2*d = 3*b - d. List the prime factors of b.
2
Let f(n) = -n**2 + 9*n - 1. Suppose -2*z = -4*z + 8. What are the prime factors of f(z)?
19
Suppose 3*w + 2*w = 20. Suppose 2*u = -5*z + 82, 4*u - 3*z + z = 140. Suppose w*x - u = x. List the prime factors of x.
2, 3
Let w(h) = -25*h - 3. List the prime factors of w(-2).
47
Suppose 3*n - 24 = 3*y, 5 = 2*n + 2*n + 5*y. List the prime factors of n.
5
Let z(l) = l**3 - 3*l**2 + 2*l. Let d be z(2). Let k = d - 0. Suppose k = 4*i + 4, y - 4*i = 6*y - 41. List the prime factors of y.
3
Let m = 0 + 4. Suppose -5*p + 6 = -m*p. What are the prime factors of p?
2, 3
Let l(s) = -s**3 - 5*s**2 + 8. Let b be l(-6). Let v = 63 - b. What are the prime factors of v?
19
Suppose 4*w - 65 = 55. Let r = 77 - w. What are the prime factors of r?
47
Let o = -96 + 109. What are the prime factors of o?
13
Suppose -2 = -5*l + 228. List the prime factors of l.
2, 23
Let a be (15/(-6))/((-1)/2). Let z(f) be the first derivative of f**2/2 + f + 1. What are the prime factors of z(a)?
2, 3
List the prime factors of (((-348)/8)/(-1))/((-2)/(-8)).
2, 3, 29
Let h be (-2 - -1) + 2 - -3. Suppose 0 = h*b - b. Let g = b - -8. What are the prime factors of g?
2
Suppose 4*p = 231 + 181. What are the prime factors of p?
103
Let d(u) = -u**3 + 3*u**2 + 4*u + 4. Let j(h) = -h**3 - 8*h**2 + 5*h + 8. Let s be j(-9). Let o be s/12 + 2/6. List the prime factors of d(o).
2
Suppose -329 = -5*a - 54. Let p = -9 + a. List the prime factors of p.
2, 23
Suppose -3*n + 8 = 2*i, 4 = 2*i - 4. Suppose 0*u - u + 7 = n. What are the prime factors of u?
7
Suppose 3*v - 26 + 5 = 0. Suppose -2*a = 6, 2*t - v = 2*a + 11. Suppose -2*l - t = -34. List the prime factors of l.
2, 7
Let n = 159 - -66. What are the prime factors of n?
3, 5
Suppose -4*a = -f + 15, -4*f - 5 = a + 3. Let u = 15 + a. List the prime factors of u.
11
Let l(r) = -15*r + 19. What are the prime factors of l(-4)?
79
Suppose 0*h - 9 = 3*h. Let x = -1 - h. Suppose -2*m + 40 = x*m. What are the prime factors of m?
2, 5
Let d = 7 + 0. What are the prime factors of (d/(-4))/(4/(-16))?
7
Suppose d + d = -2*u - 6, -3*u - 3 = 5*d. Let t be 2/4*-1*u. Suppose 7*p - 36 = 4*p - t*z, 5*p = 4*z + 33. What are the prime factors of p?
3
Let v be ((-10)/25)/(1/(-125)). What are the prime factors of 10/v - 38/(-10)?
2
Suppose -i - 16 = 2*v + 21, -2*v + 4*i = 12. Let q = 22 + v. What are the prime factors of (-2)/2 + 2 + q?
7
Let l(s) = 18*s + 1. Let a(y) = 37*y + 2. Let g(i) = 6*a(i) - 13*l(i). List the prime factors of g(-1).
11
Let t be ((-5)/(-10))/((-1)/(-28)). Suppose -4*i = -5*g - 28, -2*i + 3*g + t = -0*i. List the prime factors of i.
7
Let c(s) = -s**2 - 7*s - 1. Suppose -4*f = -4*p - 20, p + 0*p + 13 = 5*f. What are the prime factors of c(p)?
11
Suppose -6*b - b = -378. List the prime factors of b.
2, 3
Let j = -2 + 7. Let h be -1 + 4 - (j + -10). What are the prime factors of h/(-2 + 15/6)?
2
List the prime factors of (0 + -65)/(-1) - 2.
3, 7
Let z = 12 + -5. List the prime factors of z.
7
Suppose -c - 16 = -2*c. List the prime factors of c.
2
Let y be ((-6)/5)/((-4)/10). Let x = 2 - y. What are the prime factors of (-8 + 28)*(0 - x)?
2, 5
Suppose 0 = 3*g - 0*g + 54. Let y be ((-148)/6)/((-4)/6). Let m = g + y. List the prime factors of m.
19
What are the prime factors of 47/((2 + -6)/(-8))?
2, 47
Suppose -3*v = -g - 1, 4*g + 2*v = -3*v + 13. Suppose -g*d = d. Suppose 2*t = -d + 8. List the prime factors of t.
2
Suppose -4*j + x + 703 + 260 = 0, -3*j - 3*x = -726. List the prime factors of j.
241
Let o(q) = -2*q. List the prime factors of o(-7).
2, 7
Let c be (-2)/(3/3 + -2). Let r(n) = 2*n**2 - 3*n + 3. Let l be r(c). List the prime factors of 47/5 + 3/l.
2, 5
Suppose 9*t - 441 = 819. List the prime factors of t.
2, 5, 7
Let s be 6/9 + (-26)/3. Let w = 15 + s. What are the prime factors of w?
7
Let o(u) = 11*u + 1. What are the prime factors of o(2)?
23
Suppose t - 5*u = -23, -5*u + 33 = 5*t - 2. What are the prime factors of 21/(-14) + 7/t?
2
Let m be 1/6 - 119/(-42). Suppose -4*d + 4*w + 32 = -d, m*d + 2*w = 20. Suppose -5*i - 12 = -3*g, 0*g + d = 2*g + 5*i. List the prime factors of g.
2
Let u(b) = b**2 + 15*b + 9. What are the prime factors of u(-15)?
3
Let r(q) = 4*q - 7. List the prime factors of r(3).
5
Let t be 3 + -28*(-1 - -2). Let k = t - -39. What are the prime factors of k?
2, 7
Suppose b = -4*b. Suppose b*s + 2*s - 84 = 0. List the prime factors of s.
2, 3, 7
Let i be 1*(2 - 0/(-1)). Suppose c + i = q, 3*c + 0*c = -5*q + 10. Suppose 3*v - 6 - 12 = c. What are the prime factors of v?
2, 3
Let s(p) = 2*p - 19. Let f(d) = -d + 13. Let y(w) = 7*f(w) + 5*s(w). Let q be 84/18*(-3)/(-2). What are the prime factors of y(q)?
17
Suppose 7 = -4*f - 3*l, -4*f + 5*f - l = 7. Let v(x) = 12*x**2 - 4*x + 2. What are the prime factors of v(f)?
2, 3, 7
Let c = 14 + 55. What are the prime factors of c?
3, 23
Suppose 0 = -3*q + 4*n + 158, -5*q + 85 = 5*n - 190. What are the prime factors of q?
2, 3
Let y(d) = d**2 - 3*d - 3. List the prime factors of y(-6).
3, 17
Let j(t) = -t - 2. Let f be j(-5). Suppose 0*s = f*s - 12. List the prime factors of s.
2
Suppose 0 = -2*a - 5*t + 3*t + 64, 0 = -3*a - t + 98. What are the prime factors of a?
3, 11
Let a(h) = 3*h**2 - 5*h - 37. List the prime factors of a(10).
3, 71
Let f(r) = 4*r**2 - 2*r + 1. Let o be f(1). Suppose 0 = -o*y - 0*y + 9. Suppose -y*s = -2*w - 4*s - 1, 2*s = -5*w. What are the prime factors of w?
2
Let p = 134 + -96. What are the prime factors of p?
2, 19
Let p(g) = -3*g**3 + 4*g**2 + 9*g - 4. Let q(j) = 4*j**3 - 3*j**2 - 9*j + 5. Let r(b) = -5*p(b) - 4*q(b). What are the prime factors of r(-7)?
2, 7
Let l(p) be the third derivative of p**5/30 - p**3/6 - p**2. Let n = 77 + -79. List the prime factors of l(n).
7
Let h(b) = -b**3 - 12*b**2 - 8*b - 8. Let z(n) = n**2. Let u(y) = h(y) + 5*z(y). What are the prime factors of u(-6)?
2
Suppose 0 = 5*s - 8 + 188. Let l = -9 - s. List the prime factors of l.
3
Suppose 0 = -4*g + 22 - 6. Let c(q) = 9*q + 8. What are the prime factors of c(g)?
2, 11
What are the prime factors of (114/(-3))/(13/(-52))?
2, 19
Suppose 10 - 4 = 2*y. Suppose 0 = 3*s + y*j + 2*j - 2, 3*j = -2*s + 2. List the prime factors of s.
2
What are the prime factors of (-75)/(-6)*(168/15)/2?
2, 5, 7
Suppose 5*p = 52 - 187. Let h = 45 + p. What are the prime factors of h?
2, 3
Suppose 0*t = 3*t. Suppose t = 3*u + 2*h - 10, -4*u = -u - 2*h + 10. Let j = u - -5. List the prime factors of j.
5
Let l(q) = -3*q - 4. List the prime factors of l(-5).
11
Suppose -3*s + 0 = -3*l - 15, 0 = 2*s + 2*l - 6. Let a(n) = n - s*n + 5 + 2*n + 3*n. What are the prime factors of a(5)?
3, 5
Let p = 5 + -5. Suppose 4*z - 34 - 10 = p. What are the prime factors of z?
11
Suppose -8*o = 187 - 803. 